*p + s, 0 = 5*c + 4*p - 472. What is the remainder when c is divided by 19?
16
Let i(g) = 3*g - 8. Suppose 0 = d - 13 + 10. Let j be i(d). What is the remainder when (279/(-6))/(1/(-2)) + j is divided by 12?
10
Let m(g) be the first derivative of g**4/4 - g**3/3 - 14*g**2 - 6*g - 40. Let a be m(6). Let k(l) = l + 8. What is the remainder when 37 is divided by k(a)?
9
Let y = 7689 - 7607. Let u(b) = 239*b**2 + 1. What is the remainder when u(1) is divided by y?
76
Let y be 393/12*64/16. Suppose -2*v + y = m - 44, 3*v + m - 260 = 0. Let s(g) = -43*g**3 - g - 1. What is the remainder when v is divided by s(-1)?
42
Let u be 12/14 - 62016/(-119). Let v = -428 + u. What is the remainder when 180 is divided by v?
86
Suppose -1304*o + 3*p - 15909 = -1307*o, 3*o = 4*p + 15951. Calculate the remainder when o is divided by 30.
29
Let a be 134/(-4)*(-4 - 2/(-1)). Let r = 56 + a. What is the remainder when r is divided by 25?
23
Let c = 17678 + -17472. Calculate the remainder when 1018 is divided by c.
194
Let v(m) = 13*m - 57. Let g be v(9). Let u = -28 + g. Calculate the remainder when 94 is divided by u.
30
What is the remainder when 1250 is divided by (476 - 0)/2 - 650/(-50)?
246
Calculate the remainder when 377 is divided by 50/(-15)*4872/(-140).
29
Suppose 0 = 2*h + h - 30. Suppose o + v + 2 = 0, -5*o + 4*v = -3*o + 22. Calculate the remainder when (o - -8)/((6/(-3))/(-26)) is divided by h.
9
Suppose 3*h - 5*b - 254 = -0*b, -h - 4*b = -96. Suppose -5*j + 20*i = 25*i - 160, -2*j = -4*i - h. What is the remainder when 71 is divided by j?
35
Suppose -5*v - 4472 = -4*a, -a = -51*v + 53*v - 1118. Calculate the remainder when a is divided by 95.
73
Let v be (-2 + (-48)/(-9))*1824/80. Suppose 5*p - 155 = -5*k, 2*p + k - v + 17 = 0. What is the remainder when 167 is divided by p?
27
Let v(f) = -144*f - 1692. What is the remainder when 1467 is divided by v(-14)?
171
Suppose -g + 103 + 98 = 3*d, -5*d + 327 = -g. Calculate the remainder when 238 is divided by d.
40
Suppose 0 = 10*d - 100 + 300. What is the remainder when 30/d*260/(-3) is divided by 44?
42
Let u(t) = 2*t**3 + 26*t**2 - 3*t + 25. Let d be u(-13). Suppose 3*m - 3 = 0, 2*m - 58 = -5*o + d. Calculate the remainder when 92 is divided by o.
20
Calculate the remainder when (-1)/1*(6/8)/(8/(-56384)) is divided by 123.
120
Let r(k) = 14*k**2 + 11*k + 41. Let n be r(-4). Suppose -3*g + n + 106 = 0. What is the remainder when g is divided by 16?
13
Let i(b) = -1 - 3 - 7*b**2 - b**3 + 7 + 1. Let u be i(-3). Calculate the remainder when 46 is divided by ((-12)/8)/(1*3/u).
14
Let n = 618 - 618. Suppose -133*t + 154*t - 1260 = n. What is the remainder when 210 is divided by t?
30
Let r = 37250 + -37198. Let a = 448 + -247. Calculate the remainder when a is divided by r.
45
Let d(k) = 167*k + 2086. Calculate the remainder when d(-10) is divided by 53.
45
Suppose 0 = -4*w - 3*w - 0*w. Suppose w = -5*b - 2*b + 14. Suppose l = 3, -3*g = -b*g + 4*l - 30. What is the remainder when 31 is divided by g?
13
Suppose -400 - 14 = -9*a. What is the remainder when 39*134/54 + 6/27 is divided by a?
5
Suppose 4*s - 78 = -2*n, 5*s + 0*s - 115 = -3*n. What is the remainder when n is divided by (-6*1 + 1)*(10 + -12)?
5
Let p(u) = 7 - 172*u + 4*u**2 + 328*u - 162*u. Let h be p(2). Let l = 15 + h. Calculate the remainder when 102 is divided by l.
24
Let m(f) = f**2 + 40*f + 413. What is the remainder when 176 is divided by m(-18)?
6
Let o(y) = y**3 - 91*y**2 + 195*y - 1459. What is the remainder when 100 is divided by o(89)?
46
Let b = -117 - -113. Calculate the remainder when 67 is divided by 1 + 2 + (20/2 - b).
16
Let y be ((-9)/5)/(87/(-145)). Suppose -y*d + 24 = 3*n, -2*d + 10 = 11*n - 7*n. What is the remainder when 72 is divided by d?
6
Suppose 0 = -2*j + 6 + 24. Suppose -2*p - 5*l + 442 = 0, -3*p = -l - 961 + 247. Calculate the remainder when p is divided by j.
11
Let l(j) = -166*j**3 - 3*j**2 - 2*j + 0 + 5 + 136*j**3. What is the remainder when l(-2) is divided by 14?
13
Suppose 0*v - v = -79. Let n be (-2)/(-8) + ((-84)/(-16))/3. Suppose 62 = n*q + 8. Calculate the remainder when v is divided by q.
25
Let v(s) = -2*s**2 + 20662*s - 20491*s - 14 - 3*s**2. What is the remainder when v(33) is divided by 47?
43
Suppose 4*p = v - 430, 8*p - 4877 = -11*v + 3*p. What is the remainder when 3982 is divided by v?
4
Let h(a) = 2*a**3 - 7*a**2 - 97*a + 525. Calculate the remainder when 687 is divided by h(5).
112
Suppose -r + 5*q + 13 - 5 = 0, 2*r - 2*q - 48 = 0. Let y = 216 - r. Suppose 13*v - y = 11*v. What is the remainder when v is divided by 8?
6
Let y = 5350 + -4181. What is the remainder when y is divided by 289?
13
Let x(m) = -m**3 + 7*m**2 - 3*m - 4. Let t be x(6). Suppose -74 = -u - t. Let s(d) = -d**3 + 2*d**2 - 2*d - 4. What is the remainder when u is divided by s(-2)?
12
Suppose 66780 = -959*g + 995*g. What is the remainder when g is divided by 374?
359
Suppose 0 = 2*u + u - 6. Let h(k) be the first derivative of -k**3/3 + 11*k**2/2 - 23*k - 52. What is the remainder when h(7) is divided by u?
1
Let p(t) = 165*t + 1565. Calculate the remainder when 216 is divided by p(-9).
56
Calculate the remainder when 2982 is divided by -23 + (-34)/((-136)/180).
12
Let f be (-5)/(-30) - (-716)/24. Suppose 0*d - 5 = 2*x - 5*d, -3*x + 1 = d. Suppose 2*k + x*k = f. What is the remainder when 56 is divided by k?
11
Let o(w) = w + 175. Suppose -4*m + d = 103, 5*d = 3*m + 3*d + 71. Calculate the remainder when o(m) is divided by 6.
4
Let i = -74 - -44. Let s = i + 50. Let w(p) = 140*p + 30419. Calculate the remainder when w(-217) is divided by s.
19
Suppose 0 = 5*t + 5*c, 2*t + 20 = 5*t - 2*c. Suppose 3 = -t*w - 2*n + 45, 3*w - n = 19. What is the remainder when 69 is divided by w?
5
Let q(t) = -t**2 - 3*t + 75. Calculate the remainder when 623 is divided by q(0).
23
Suppose -31*o + 0*o = 3782. Calculate the remainder when 791 is divided by o*5*2/(-20).
59
Let v(z) = -2*z**2 - 27*z - 70. Let f be v(-10). Suppose f = -15*q + 364 + 131. What is the remainder when 98 is divided by q?
32
Let j(o) = -o**2 - 6*o - 1. Let s be j(-7). Suppose 48 = 2*a - 44. What is the remainder when a is divided by 1/s - 516/(-32)?
14
Suppose 0 = -3*s - 4*v + 169, 3*s + 3*v = -82 + 256. Calculate the remainder when 247 is divided by s.
58
Let k be (72/30)/(-4) + 263/5. Suppose -50*c = -k*c + 150. What is the remainder when c is divided by 13?
10
Let z(v) = 5*v + 0*v + v**3 - 5*v + 8 - 5*v + 14*v**2. Suppose 2*u + 4*r = 6*u - 88, 36 = 2*u + 2*r. What is the remainder when z(-14) is divided by u?
18
Let p(t) = t**2 + 13*t - 23. Let m(n) = -4*n - 37. Calculate the remainder when m(-12) is divided by p(-15).
4
Suppose 11*o = -37*o + 5140 - 916. What is the remainder when 149 is divided by o?
61
Let p(j) = 9*j + 300. Let o be p(-35). Let y(w) = -w**2 - 23*w - 99. What is the remainder when 458 is divided by y(o)?
17
Suppose y - 446 = -4*k + 55, 4*y - 2004 = 5*k. What is the remainder when y is divided by 6?
3
Suppose i = 5*i - 4*q - 120, -5 = -q. Calculate the remainder when (-3110)/(-65) + (-48)/(-312) is divided by i.
13
Let h = 281 + -644. Let x = h + 408. Calculate the remainder when x is divided by 23.
22
Let l = -12512 + 12556. What is the remainder when 148 is divided by l?
16
Suppose -5*n + 3*b = -21, 2*b + b = 4*n - 18. Let g(k) be the first derivative of 8*k**2 - 15*k + 16. Calculate the remainder when g(n) is divided by 7.
5
Let m = 6863 + -3872. What is the remainder when m is divided by 97?
81
Suppose 0 = -86*u + 88*u - 44. What is the remainder when 193 is divided by u?
17
Let v(u) = -u**3 - u**2 - 60*u + 177. What is the remainder when v(0) is divided by 58?
3
Let h(d) = d**3 - 19*d**2 + 20*d + 13. Let n(p) = -p**3 + 25*p**2 - 54*p + 26. Calculate the remainder when n(22) is divided by h(18).
45
Let g be (-3 - (-1)/1) + 17. Let y = g - 2. Suppose 0 = 69*v - 10*v - 472. What is the remainder when y is divided by v?
5
Let o be 0 - (-3 - 15/5). Suppose 2*g + 3*l + 6 = 0, 34 = 4*g - 4*l + o. Suppose g*j - 24 = 9. What is the remainder when j is divided by 6?
5
Let g(z) = 18*z**2 + 3*z + 1. Let l(w) = 6*w**2 - 687*w - 2442. What is the remainder when g(-2) is divided by l(118)?
31
Suppose -10 = x + 2*m - 115, m = 2*x - 190. Calculate the remainder when 1